t z(g) be the third derivative of g**6/120 + 2*g**5/15 - 3*g**4/8 + 3*g**3/2 - g**2. Suppose 0 = -2*x + 4*o + 38, -455*o + 79 = -x - 460*o. What is z(x)?
9
Let w(j) = j**2 - 6*j - 3. Let c be w(0). Let d(h) be the second derivative of h**2 - h + 2/3*h**3 + 0 + 1/6*h**4. Determine d(c).
8
Suppose 3*k - 5*k = 0. Let i(u) be the second derivative of 0 - 1/12*u**4 - 4*u**2 - 1/6*u**3 - 3*u. Calculate i(k).
-8
Let r be 9*(5 + 48/(-9)). Let s(p) = -5*p - 8. Let c be s(r). Let j(w) = 0*w**2 + 6*w**3 + 5*w - c*w**3 - 5*w**2 + 4. Calculate j(-6).
10
Let h(n) = 17*n**2 + 8*n + 5. Let v(t) = -454*t + 2722. Let d be v(6). Calculate h(d).
57
Let s(z) be the third derivative of -66*z**2 + z + 1/24*z**4 + 3/2*z**3 + 0. What is s(-9)?
0
Let f = -2200 - -2190. Let r(o) = o**3 + 11*o**2 + 11*o + 19. Give r(f).
9
Let z = -7 - -4. Let v(s) = -18*s - 17 + 14 - 9*s + 31*s. Give v(z).
-15
Let o(a) be the second derivative of a**5/20 - 5*a**4/6 - 5*a**3/6 - 67*a**2/2 + 96*a. Give o(11).
-1
Let b(i) = 5*i - 9. Suppose -206*t = -209*t + 2*n - 1, -2*n - 20 = 4*t. What is b(t)?
-24
Let s(z) be the second derivative of -z**6/360 + z**5/120 + z**4/6 + 4*z**3 + z. Let j(c) be the second derivative of s(c). Let a = 120 - 117. Determine j(a).
-2
Let f = -25 + 27. Suppose 0 = 4*m - 4*w - 4, -3*m - 1 = w - f*w. Let g(d) = 5*d**3 + 1. Calculate g(m).
-4
Let g be (-6)/(-28)*(358 + -344). Let j(i) = -i**2 - 12*i + 46. What is j(g)?
1
Let z(p) = -p + 16. Let f be ((-6)/6 - 1*3) + 32. Let u = f - 34. Let i be (24/9)/(-2)*u. What is z(i)?
8
Let o(k) = -7*k**2 - 4*k + 3. Let j(n) = -261*n - 1303. Let f be j(-5). What is o(f)?
-33
Let o(h) = -2*h**2 + 3*h - 3. Let m be o(3). Let j(s) = s**2 - 27420 - 20*s + 27430 + 33*s. What is j(m)?
-2
Let t = -14 + 17. Suppose 0 = t*k + 3*i - 12, k + 6 = 2*k + 2*i. Let l(m) = 12*m**3 + 3*m + 11*m**3 - 22*m**3 + 2 - 6*m**k. What is l(5)?
-8
Suppose 5*p = 3*k - 33, -k - 3 = -3*k - 3*p. Suppose -34 = -8*q - 9*q. Suppose -r = k*r - q*r. Let b(m) = m**3 - m**2 - 7. What is b(r)?
-7
Let w(c) = 15 - 60 - 32 + 16 - 8*c**3 + 22*c**2 - 25*c + 9*c**3. What is w(-23)?
-15
Let i(s) be the first derivative of -s**4/4 - 3*s**3 - 4*s**2 + 6*s - 154. Suppose -2*r + 3*r + 1 = 0, -3*r = 3*c + 24. Calculate i(c).
-36
Suppose -58*f - 45*f + 88*f - 165 = 0. Let a(t) = t**2 + 6*t - 11. Determine a(f).
44
Let g(n) = -4*n**2 - 9 + n**2 - 21*n + 2*n**2 + 26*n - 13*n. Give g(-1).
-2
Let o(k) be the third derivative of -1/8*k**4 + 0*k**3 + 20*k**2 + 1/60*k**6 + 0 + 0*k - 1/120*k**5. Let n(a) be the second derivative of o(a). What is n(-1)?
-13
Let q(m) = -5*m + 15. Let g(p) = 77*p - 259. Let u(z) = 2*g(z) + 35*q(z). Give u(3).
-56
Suppose 5*r + 4*a - 19 = -13, 2*a = -r + 6. Let g(u) = -28*u - 5. What is g(r)?
51
Let o(b) be the first derivative of -b**4/4 + 5*b**3/3 - b**2/2 - b - 650. Suppose 2*g + g - 6 = 0. Give o(g).
9
Let n(o) = -15 + 1568*o - 3118*o - o**2 + 1558*o. What is n(8)?
-15
Let z(y) = -38 - 27*y + 129 - 13*y + 25 + 18*y. Calculate z(5).
6
Let q(u) = -1 + 30*u - 15*u - u**2 - 22*u. Let b(p) = -2*p + 4. Let y be b(5). Calculate q(y).
5
Let h(p) be the second derivative of -5*p**3/3 + 7*p**2/2 - 2340*p - 1. Determine h(-8).
87
Let w = -953 + 967. Let j be (6 - (-86)/(-14)) + 2/w. Let c(f) = f**3 - 56. What is c(j)?
-56
Suppose 19*d + 114 = 57*d. Suppose 2*u = -d*o + 9, 16*u - 31 = 11*u + o. Let p(f) = -f - 3. Calculate p(u).
-9
Suppose 3*r + 6*t - 10*t - 9 = 0, r = -5*t - 16. Let w(s) = 30*s**2 - 10*s - 9. What is w(r)?
31
Let s(t) be the second derivative of -t**7/840 + t**6/60 + t**5/120 - t**4/12 - 205*t**3/6 - 43*t. Let w(r) be the second derivative of s(r). Calculate w(6).
4
Let m(y) = y**3 - 4*y**2 - 2*y - 4. Suppose 20 = 4*v + 3*p - 5*p, -4*v = -4*p - 28. Determine m(v).
-19
Let x be -6 + (6 - (3/3 + -3)). Let t(c) = 3*c**2 - 3*c - 6. What is t(x)?
0
Let z(r) be the first derivative of -2 + r - 3/2*r**2. Suppose -8 = 7*f - 5*f. Calculate z(f).
13
Let l(s) = 5*s**2 + 3*s - 2. Let i be l(1). Let n be (-15)/50*4*70/(-6). Let v(y) = i*y + 6*y**2 + 2 + y**3 + n*y**2 - 26*y**2. Determine v(5).
7
Suppose -5*l - 10 = -2*l + 5*d, -2*l - 4*d - 8 = 0. Suppose -9*w + 80 = -8*w. Let b(i) = -5 - 4 - w*i - 2 + 81*i. What is b(l)?
-11
Let p(n) be the third derivative of -n**5/30 - 3*n**4/4 - 29*n**3/6 - 1899*n**2. Calculate p(-7).
-1
Let h(g) = -g + g + 0 + g - 3. Let t be (251/(-3))/(9/(-135)*5). Let q = t + -246. Give h(q).
2
Let w = -101810 + 210551. Let d(i) = w - 108741 - i. Suppose -8 = 4*h - 7*h - 2*o, 0 = 2*h + 4*o. What is d(h)?
-4
Let j(u) be the third derivative of -u**5/30 - 15*u**4/8 - 19*u**3/3 - 2734*u**2. What is j(-21)?
25
Let m = -1427 - -1431. Let r = -4 - -6. Let t(p) = 4*p**2 + 3*p**2 + 4*p + 0*p**2 - 3*p**r - p**3. Give t(m).
16
Let g be -3 + (-5 - (-2 + 0)). Let n be 1 + ((-12)/g)/(-2). Let o(x) = -x + 5*x**2 - 4*x**2 + 0*x. Calculate o(n).
0
Let c(t) = -t**3 - 4*t**2 - 4*t. Suppose 123 = 12*p + 3. Let q(s) = -s**3 + 9*s**2 + 8*s + 16. Let v be q(p). What is c(v)?
16
Let q(j) be the first derivative of -j**6/360 - 11*j**5/120 - j**4/24 - 23*j**3/3 + 59. Let l(z) be the third derivative of q(z). Give l(-10).
9
Let j(z) = 9*z + 5. Let y(h) = 8*h + 4. Let w(m) = 4*j(m) - 5*y(m). Let d(u) = -5*u. Let x(b) = -2*d(b) + 3*w(b). Give x(3).
-6
Let x = -46 + 48. Let y be (-1)/(2/(x - 20)). Suppose -19 - 26 = -y*c. Let s(d) = d**2 - 3*d - 4. Determine s(c).
6
Let y(z) = z**2 + 5 + 1 + 4*z + z + 0*z**2. Let b(a) = 0*a**2 + 0*a**2 - 6 + a**2 + 10*a. Let g be b(-10). What is y(g)?
12
Let s(u) = 4*u + 82. Let j(k) = -2. Let r(w) = 4*j(w) - s(w). Determine r(-25).
10
Let r(x) = x**3 - x**2 + x - 46. Suppose -7*k + 69 = -2*k + o, -k + 17 = o. Suppose -k*h = -15*h. Determine r(h).
-46
Let r(b) be the third derivative of b**6/360 + b**5/30 - 11*b**4/4 + 61*b**2. Let a(m) be the second derivative of r(m). What is a(-9)?
-14
Suppose -3*n + 2*n = 8. Let l = n + 14. Let u(i) = i**3 - 5*i**2 + 1. Let r(d) = -2*d**3 + 10*d**2 - 3. Let a(h) = l*r(h) + 13*u(h). Calculate a(5).
-5
Suppose 0 = k - 8*a + 4*a - 12, 2*k - 2*a = 18. Let n(l) = 2 - 7 - 2*l + 2 - k. Give n(-11).
11
Let b(q) = -3*q - 11. Let r(u) = 2*u + 5. Let k(c) = -3*b(c) - 5*r(c). Let y be (1 - 2)*(-5)/1. Suppose 5 = y*a - 30. Determine k(a).
1
Let i(m) = m**3 - 5*m**2 + 25*m - 78. Let c be (60/25)/((-252)/(-420)). Calculate i(c).
6
Let j(x) be the second derivative of -2*x**2 - 7 + 1/6*x**3 - 9*x. Calculate j(0).
-4
Let i(x) = -34*x - 3. Suppose -2*n - 10*t + 8*t - 4 = 0, -4*t - 17 = -5*n. Calculate i(n).
-37
Let h(p) = 7*p**2 - 3*p - 173. Let c(o) = -19*o**2 + 10*o + 518. Let n(t) = -3*c(t) - 8*h(t). Let r be n(-11). Let x(g) = -g**2 + 16*g + 4. Determine x(r).
-13
Let o(f) = 7*f**2 + f + 2. Let b be 147/42 + (-9)/(-6)*(9 + -10). Determine o(b).
32
Let p(y) = -2*y + 9. Suppose 13*d + 2619 - 474 = 0. Let i = d + 171. Calculate p(i).
-3
Let v(b) = -102 - 108 + 10*b + 212 - 10*b + b**2 - 3*b. Let q = -9 - -6. Calculate v(q).
20
Let u be ((-2)/(-4))/(-8*(-2)/192). Let z be 12 + (-1)/3*-3. Let f(v) = -11*v - 19. Let b(x) = 5*x + 9. Let r(c) = u*f(c) + z*b(c). What is r(3)?
0
Let c(m) = -9*m + 5. Let g be c(5). Let p = g - -42. Let h(v) = 4*v + 3*v**2 - 4*v**p + 3 - 1. What is h(6)?
-10
Suppose -11*i - c - 22 = -9*i, -4*i - c = 44. Let q(b) be the second derivative of -b**3/6 - 7*b**2/2 - 13*b. Determine q(i).
4
Let s be 0 + 3 + -21 + 22. Let g(x) = -27*x + 24. Let a(b) = -51*b + 45. Let w(k) = -6*a(k) + 11*g(k). What is w(s)?
30
Suppose 0 = a - q - 0*q - 2, -q = -3*a + 16. Suppose 2*j = -v + 7, -j + a = 5*v - v. Let m(g) = 181*g**2 + 2*g - 2 - g**j - 181*g**2. Give m(2).
-6
Suppose 0 = 21*o - 12*o - 864. Suppose -94 = -2*p - o. Let g(z) = -14*z**2 + z. Give g(p).
-15
Let y(t) = 28 - 105*t - 169*t + 280*t - 13. Give y(8).
63
Let f(a) be the second derivative of 5*a**3/3 + 9*a**2/2 - 653*a - 3. Calculate f(-7).
-61
Let t be 7 + 3 + -1 + (1 - 5). Let f(d) = d + d + d - 4 - 6 + d**2 - 5*d. Give f(t).
5
Suppose 1088 = -5*x + 328. Let a be (-30)/(-16) + (-19)/x. Let q(d) = -2 + 9*d + 0 - 10*d - a. Calculate q(0).
-4
Let c(l) = -305*l + 88. Let r(j) = -35*j + 11. Let n(t) = -6*c(t) + 51*r(t). Determine n(-1).
-12
Let t be 1 - 0*(1 - 0). Let v(c) = c - c + t - 3*c. Suppose -3*l + 11 = -2*z, 5*l - 2*z - 3*z = 20. What is